1
Let u(c) = -c + 3. Let h be u(5). Let b be 0 + h + 2 - -4. Let n be 10/15 - (-902)/33. Calculate the greatest common factor of b and n.
4
Let o(t) = -37*t + 7. Let j be o(-7). Suppose 0 = 258*f - 254*f - 152. Calculate the highest common divisor of j and f.
38
Suppose 8*i - 504 = -i. Let r be (-3 + i)*1*1. What is the highest common divisor of 477 and r?
53
Suppose t + 12 = 2. Suppose -20 = -f + c, f = 6*c - 3*c + 14. Let j = t + f. What is the greatest common divisor of j and 13?
13
Suppose 3*y - 140 - 328 = 0. Suppose -31*n + 32*n - 39 = 0. Calculate the highest common factor of n and y.
39
Let d = 181 + 623. Let f be d/16 - 15/(-20). Calculate the greatest common divisor of 17 and f.
17
Let i be 3368/48 - (69/(-18))/(-23). Calculate the highest common factor of i and 1330.
70
Let d(t) = -14*t + 118. Let z be d(2). What is the highest common divisor of 80 and z?
10
Let j be ((-1)/2)/((-1)/28). Suppose x = 6*x + 20, 5*x + 256 = b. Suppose -5*v + b + 114 = 0. What is the highest common divisor of j and v?
14
Let y be -1 - 11/(22/60). Let d = y + 44. Calculate the highest common divisor of 104 and d.
13
Let q be (-12012)/819*((-3)/4 + 0). Calculate the greatest common factor of q and 429.
11
Let m be (-2)/(-3)*-5*936/(-48). What is the greatest common factor of 845 and m?
65
Suppose -5*r = 22 - 67. Suppose -n - r = -4*n. Suppose 34 + 17 = n*x. Calculate the highest common divisor of x and 136.
17
Let b = -47 - -62. Suppose -9*m = -b*m + 60. What is the greatest common factor of m and 40?
10
Suppose -5*q - 24 = 1. Let h be 55/4 + q/(-20). Suppose 0 = -3*c + 152 - h. What is the greatest common divisor of 115 and c?
23
Suppose 0 = -12*l + 1075 + 2585. What is the greatest common factor of l and 61?
61
Let q(z) = z**2 - 6*z - 22. Let c be q(-8). Let x be (-4)/16*-25 - 2/8. Calculate the greatest common divisor of c and x.
6
Suppose -2*z + 18 = 2*t, 2*z - 2*t = -5*t + 14. Let f = -7 + 11. Let n be 1*f/((-8)/(-182)). Calculate the greatest common divisor of n and z.
13
Let l(r) = 13*r**2 - 4*r - 6*r - 14 - 15*r**3 + 14*r**3. Let i be l(12). What is the greatest common divisor of i and 10?
10
Suppose -525 = -4*p - 3*k - 32, -4*k + 488 = 4*p. Let c = p + -72. What is the highest common factor of c and 11?
11
Let z = 73 + -71. Suppose -b - 2 = -2*p - 3*b, -5*p = z*b - 11. Let m(l) = -4*l - 1. Let w be m(-1). What is the greatest common factor of p and w?
3
Let z(h) = -36*h + 2 + 68*h - 5 - 35*h. Suppose f + 9 = 4*r, -4*r - 9 + 3 = 2*f. Let y be z(f). Calculate the greatest common divisor of y and 12.
12
Suppose 109 = 2*x - 151. Calculate the highest common factor of 40 and x.
10
Suppose a + 80 = 3*y, 2*a + 42 = y + 22. Calculate the highest common divisor of y and 16.
4
Let d = 3 - 0. Suppose 12*g - 13*g = 45. Let y = 48 + g. Calculate the greatest common factor of d and y.
3
Let j be (-44)/(-7) + 2 - 94/329. What is the highest common divisor of j and 26?
2
Suppose 2*s = -3*i - i + 88, 4*s - 76 = -3*i. Calculate the highest common factor of i and 380.
20
Let l(d) = 23*d - 1. Let h be l(2). Let p = 30 + -20. Let j be (-12)/p*(-9 + -6). What is the greatest common factor of h and j?
9
Let g be 1 - (-62)/12 - 5/30. Calculate the greatest common divisor of 114 and g.
6
Let d(h) = h**2 - 20*h + 21. Let s be d(20). Let m(c) = c**2 - 15*c - 22. Let j be m(s). Calculate the greatest common divisor of 26 and j.
26
Let u(k) = -7*k + 66. Let z be u(8). What is the greatest common divisor of z and 145?
5
Suppose -4*s - j = 101, 4*j + 46 = -4*s - 58. Let c = 55 - s. Calculate the greatest common divisor of c and 48.
16
Suppose -4 = -2*f - 2*n, -7*f - 3*n + 14 = -2*f. Suppose -f*o + 130 = 34. Calculate the highest common factor of o and 3.
3
Suppose 3*k - 144 = -7*z + 4*z, 0 = -k. Calculate the greatest common factor of z and 168.
24
Let i(b) be the first derivative of -b**4/4 - 2*b**3/3 + b**2/2 - 4*b + 12. Let m be i(-3). What is the greatest common factor of 4 and m?
2
Let w = 101 - -137. Calculate the greatest common divisor of w and 17.
17
Let w(y) = -31*y**3 - y**2 + y + 1. Let n be w(-1). Let p be (n - 1/(-1)) + -1. Calculate the greatest common factor of p and 45.
15
Suppose -4*m + s = -s + 8, 4*m = s - 4. Let u = 107 - 105. Suppose u*p - 133 + 31 = m. What is the greatest common factor of 17 and p?
17
Suppose 2*q - 753 = -x, -3*q + 1849 = 5*x - 1895. Calculate the greatest common divisor of x and 18.
9
Let l(j) = 5*j. Let a be l(1). Suppose t + a*g + 23 = 3*t, -35 = -4*t - g. What is the highest common divisor of t and 36?
9
Let q be ((-20)/25 - (-53)/(-5))*-5. Calculate the greatest common factor of 3 and q.
3
Let y = -42 + 75. Suppose 13 = q - 3*l + 6*l, 0 = 3*q + 3*l - 57. Calculate the highest common divisor of q and y.
11
Suppose -y = 18 + 28. Let d = -24 - y. Calculate the greatest common factor of 22 and d.
22
Suppose 0 = -x + 9. Suppose -3*c + 5*b + 108 = 0, 0 = -2*c - 2*c + b + 144. Calculate the greatest common divisor of x and c.
9
Suppose -2*a = 2*x + 16, -3*a = -0*x - 3*x. Let s be ((-12)/6)/(x/(-14)). Let c be 1 + (-1 - -3 - s). What is the highest common factor of c and 4?
2
Suppose -148*f = -166*f - 144. Let l = -17 + 45. Let b = f + l. What is the greatest common divisor of b and 50?
10
Let p = 170 - 30. Suppose 3*g - 100 = -2*x, -2*g + 6*g + x = p. What is the greatest common factor of 288 and g?
36
Suppose 4*t - 90 = -6*v + 5*v, -t = v - 75. Calculate the greatest common divisor of v and 100.
10
Suppose 3*i - 2202 = -5*c, 4*i = 3*c + 2266 + 641. What is the highest common divisor of i and 18?
9
Let t = -480 - -484. Let f = 2 + 0. What is the highest common divisor of t and f?
2
Suppose 48*k = 11*k + 407. What is the greatest common factor of k and 1397?
11
Suppose -2*r = -5*f + 225 + 298, -5*f - 3*r = -528. What is the greatest common divisor of f and 35?
35
Let o(w) = -8*w - 9. Let h be o(-6). Let x be ((-703)/(-19))/(1/5). Suppose -4*b + h = -x. Calculate the highest common divisor of 14 and b.
14
Let i be (10*(-4)/18)/(368/(-1656)). Suppose -4*s + 40 = -2*s. Calculate the highest common divisor of s and i.
10
Suppose d - 8 = -5*a, a = 2*a. Let z be 21 + (d/(-2) - -6). Calculate the greatest common factor of z and 253.
23
Let t(v) = 2*v**2 - 15*v. Let b(d) = -d + 7. Let j be b(-5). Let n be t(j). What is the greatest common divisor of 12 and n?
12
Suppose 11 = -a + 15. What is the highest common factor of a and 8?
4
Suppose 0 = -28*u + 23*u + 20. Let b be 0 - (-16 - (4 - u)). Calculate the greatest common divisor of 4 and b.
4
Let w be (-7038)/(-34) + 2*1. What is the highest common divisor of 22 and w?
11
Let h(x) = -53*x - 56. Let i be h(-2). What is the greatest common divisor of i and 20?
10
Suppose -l + 84 = 20. Let b be (3/3)/(2/l). What is the highest common factor of 4 and b?
4
Suppose 76 = -4*k + d, -3*k + 4*d = 4 + 40. Let b be k/7*(4 - 45/6). Calculate the highest common divisor of b and 90.
10
Suppose -22 = 6*u - 8*u. Suppose -k + 2*k - t = -u, -33 = 3*k - 2*t. Let b(j) = j**2 + 9*j. Let g be b(k). Calculate the highest common factor of g and 22.
22
Suppose -5*t + 120 = y, 0*y = 2*t - 2*y - 60. Let l = 35 - -140. Calculate the greatest common divisor of l and t.
25
Let y = -802 + 804. Calculate the highest common divisor of y and 86.
2
Let s = 616 - 497. What is the highest common factor of s and 21?
7
Let x(p) = -4*p + 114. Let g be x(27). Calculate the greatest common divisor of 6 and g.
6
Let r(z) = z**3 - 11*z**2 - 103*z + 20. Let c be r(17). What is the greatest common divisor of c and 474?
3
Let f = 7 - 2. Let v(u) = -u**2 + 10*u + 64. Let l be v(12). What is the greatest common factor of f and l?
5
Suppose 31*n - 2592 = -17*n. What is the highest common factor of 198 and n?
18
Let q = 5 - -118. Let g be -1*10*17/(-2). Let y = q - g. Calculate the highest common divisor of y and 95.
19
Suppose 66 = -2*m + 118. Suppose 3*p = 25 + 14. What is the greatest common divisor of m and p?
13
Let f(h) be the second derivative of -h**4/12 - 2*h**3 - 5*h**2 + h. Let c be f(-4). What is the highest common factor of 11 and c?
11
Let s be 75/(4/(1 + 3)). Suppose -a = -6*a + s. What is the greatest common factor of 15 and a?
15
Let y = -696 + 906. What is the highest common divisor of y and 20?
10
Let h be 2/13 + 1401752/1768.